 be z(d). Suppose 0 = -2*m - 3*a + 215, -2*m - h*a = -5*a - 209. List the prime factors of m.
2, 53
Let a(t) = -3086*t + 3449. What are the prime factors of a(-12)?
7, 5783
What are the prime factors of (-938332)/(-119) - -5 - 12/(-14)?
13, 607
Suppose 4*p = 31*p + 2970. List the prime factors of (1465/(-2))/(55/p).
5, 293
Let t(p) = p**3 - 14*p**2 + 33*p + 9. Let h be t(9). What are the prime factors of h/12*320/(-15)?
2, 11
List the prime factors of (-12)/(-10)*88649/132*20.
2, 8059
Suppose -2*z + s = 1 - 19, 2 = -z - 5*s. Let u(k) = 6*k**2 + 4*k - 57. What are the prime factors of u(z)?
359
List the prime factors of ((-1869120)/825)/((-54)/(-20) + -3).
2, 59
Let m = 4 + 62. Let l = -67 + m. Let g(j) = 151*j**2 - 2. What are the prime factors of g(l)?
149
Suppose n + 1 = 0, 5*n - 222 + 215 = -3*v. Suppose 9 = -3*h, -4*s - 6*h + 1285 = -h. Suppose 77 - s = -v*x. List the prime factors of x.
2, 31
Let t be 4 + (10 - 4) + -5. Suppose -r + 2*b = -393, -7*r - 3*b + 814 = -t*r. List the prime factors of r.
401
Suppose 3*g - 2*f - 15 = -0*g, f = -5*g + 12. Suppose 142 = 4*n - r, -2*n + 2*r - g*r = -74. Let a = n - 8. What are the prime factors of a?
2, 7
Let j = -2038 + 2890. Let s = -510 + j. What are the prime factors of s?
2, 3, 19
Suppose 5*z - 32471 = -3*a, 3*a - 5*a = -4*z + 25990. List the prime factors of z.
2, 7, 29
Let m(j) = -5*j**2 + j**3 - 14*j + 4*j - j**2 - 20. Let a be 7*(-110)/(-70) + -3 + (-4)/(-4). List the prime factors of m(a).
7, 19
Let n(o) be the third derivative of -2*o**6/15 + o**5/60 - o**4/24 - o**3/3 - 6*o**2 - 3. Suppose j + 4 = -3*j. What are the prime factors of n(j)?
2
Suppose 533*t - 525*t - 41864 = 0. What are the prime factors of t?
5233
Let k = -19239 + 28155. List the prime factors of k.
2, 3, 743
Suppose -c - 2*c - 4*q + 10 = 0, 3*c - q = 5. Suppose 0 = c*s - 5 + 1. Suppose -s*k - 800 = -7*k. What are the prime factors of k?
2, 5
Suppose 0 = 3*n + 3*x - 43004 - 50410, 2*x = -n + 31141. What are the prime factors of n?
5, 13, 479
Suppose -19*i = 24*i - 125870 - 112135. List the prime factors of i.
3, 5, 41
Let o be 3/(-15)*-3*30. Suppose -h = -0*h - 4*q + o, 0 = -4*h + 2*q - 30. Let w(r) = -r**3 - 5*r**2 + 2*r. What are the prime factors of w(h)?
2, 3
Let w = -14744 + 41483. What are the prime factors of w?
3, 2971
Let v(p) = -8*p + 47. Let g be v(4). Suppose 5*u + 18 = 2*x, -3*u + g + 21 = 4*x. List the prime factors of x.
3
Let m(y) = -y**2 + 16*y + 1. Let u be m(15). Suppose -5*q = -5, 4*n + 17*q = u*q + 2433. What are the prime factors of n?
2, 19
Suppose -2*b = -46 + 284. Let w = b - -547. List the prime factors of w.
2, 107
Suppose 75*o - 147 = 68*o. Suppose -44*v + o*v = -19021. What are the prime factors of v?
827
Let m = 82 + -139. Let l = 63 + m. Suppose o + l*t - 130 = 4*t, 4*o = 5*t + 572. What are the prime factors of o?
2, 3, 23
Let q(z) = -z**2 + 14*z - 5. Let j be q(10). Suppose -l = 88 + j. Let r = l + 226. List the prime factors of r.
103
Suppose 5936 = 5*w + 11*w. Let b = w - 205. List the prime factors of b.
2, 83
Suppose 188 = 23*p - 19*p. Let x = -45 + p. Suppose -x*j = -4*c - 428, -2*j + c = -0*c - 422. What are the prime factors of j?
2, 3, 5, 7
Suppose -3*f - 5*i = 1412, 2410 = -5*f - i + 4*i. What are the prime factors of 6 + (6 - f) + 2*2?
3, 5, 11
Let f be 9/6 - (-2)/4. What are the prime factors of (1177/(-22))/(f + 5/(-2))?
107
Let r be 26/(-156) + 38*(-2)/(-24). Suppose 668 = r*s - 1072. List the prime factors of s.
2, 5, 29
Suppose 3*x - 2*g - 1601 = -0*x, -4*x + 2168 = 4*g. Suppose 6*a - 1293 = x. What are the prime factors of a?
5, 61
Suppose -5*h - 4*v = -3183 - 2555, 2*h - 2*v = 2288. Suppose w + 21 - h = 0. What are the prime factors of w?
3, 5
Suppose -25 = 13*q + 79. Let d = -126 + 197. Let r = q + d. What are the prime factors of r?
3, 7
Let f = -1711 + 3206. Let s = f - 919. What are the prime factors of s?
2, 3
What are the prime factors of -35*(-13)/65 + (-3 - -8778)?
2, 4391
What are the prime factors of (6 - 57536/(-24))*(-324)/(-63)?
2, 3, 5, 103
Let w = -1756 - -10902. List the prime factors of w.
2, 17, 269
Let a(j) = -11779*j - 1113. What are the prime factors of a(-1)?
2, 5333
Let b be ((-1)/5)/((-1)/15). Suppose b*f - t = 2582, -4*f + 8*t + 3444 = 6*t. List the prime factors of f.
2, 5, 43
Suppose -4*h = -17*h + 52. Suppose 4*i + 230 - 1404 = -2*d, h*i + 3*d - 1171 = 0. List the prime factors of i.
5, 59
Suppose -7*w = -5*w + 3096. Let j = 2616 + w. List the prime factors of j.
2, 3, 89
Let d(q) = -q**2 + 19*q - 76. Let o be d(6). Suppose -5*h + 4*a + 1707 = 0, 0*h + 675 = o*h + a. List the prime factors of h.
3, 113
Suppose -196 + 175 = 7*l. What are the prime factors of 6/9 - 526/l?
2, 11
Let o = 158 + -67. Let a be 7222/14 - (-13)/o. Suppose -8*s = 116 - a. What are the prime factors of s?
2, 5
Suppose -21*v - 9933 = -32*v. Suppose 7*d - v = -14*d. List the prime factors of d.
43
Suppose -2*l = -d + 12, 2*l - 5*l = -5*d + 25. Let s be ((-2)/(-3))/(d - 33/18). Suppose -45 = -2*x - 3*w - 2*w, s*w = 3*x - 56. List the prime factors of x.
2, 5
Suppose -97*b = -41*b - 672. Let k(f) = 7*f - 28. Let v(o) = -1. Let q(c) = k(c) - 7*v(c). What are the prime factors of q(b)?
3, 7
Let n(k) = 94*k - 466. What are the prime factors of n(15)?
2, 59
Let c = 45 - 41. Suppose 2*r + 2*f - 1106 = 0, -2*r - 1680 = -5*r + c*f. List the prime factors of (-1)/2 + r/8.
3, 23
Let f = 3529 - -21530. List the prime factors of f.
3, 8353
Let b = -563 + 567. Suppose -b*a + 8*t + 7603 = 5*t, -3*t = 5*a - 9497. What are the prime factors of a?
2, 5, 19
Suppose 0 = 2*a + 4*z + 51 - 65, 2*a - 2*z = -4. What are the prime factors of (-20)/(-2)*(12 + (-3)/a)?
2, 3, 5
Let x(k) = -31*k + 5. Let y be (39/(-52) - (-1)/(-4))*1. List the prime factors of x(y).
2, 3
Suppose -128 + 1154 = 18*g. Suppose -2301 = -g*r + 54*r. What are the prime factors of r?
13, 59
What are the prime factors of (673/2)/((-429)/(-62634))?
73, 673
Let i(z) = 534*z**2 - 77*z + 268. What are the prime factors of i(4)?
2, 1063
Suppose 18*v - 483598 = -15*v - 13*v. What are the prime factors of v?
10513
What are the prime factors of (50 + 6 - 5)/(6/746)?
17, 373
Let i(r) = r**3 - 9*r**2 + 2. Let j be i(9). Let b be ((78 - j)/2)/1. What are the prime factors of ((-14)/14)/((-1)/b)?
2, 19
Let q(y) = -y**2 + 9. Let s be q(-3). Let x be -72 + -5 - (-1 + s). Let n = 96 + x. What are the prime factors of n?
2, 5
Suppose -3*w = -0*v + 3*v - 1995, -w + 653 = 4*v. List the prime factors of w.
3, 223
Let u be (16/2)/(3/(-6)). Let j be u/((-10)/3 + 3). Let x = j + 40. What are the prime factors of x?
2, 11
Let h be 11 - (0 - 1)*(-4 - -5). Let w be (-33)/(-1)*8/h. What are the prime factors of 612/w + (-12)/(-66) + -2?
2, 13
Suppose -3*a = -4*i - 101, 174 = 3*a + 2*a - i. Let w be ((-224)/5)/((-7)/a). Let t = w - 118. What are the prime factors of t?
2, 53
Suppose 2438 = -4*r + 5*x, 0 = -4*r + 5*r + 5*x + 597. Let a = r + 928. List the prime factors of a.
3, 107
Suppose 0 = -5*o + 92 + 53. What are the prime factors of (o/4)/((-2)/(-72))?
3, 29
Let l(s) = 13*s**2 + 96*s + 189. What are the prime factors of l(22)?
13, 661
Suppose 59*r - 141*r + 143*r = 1099281. What are the prime factors of r?
3, 6007
Suppose -2*g = 4*m - 36 - 38, 4*m - 99 = 3*g. Suppose 0 = 3*f + 16*p - m*p - 364, 3*f + 5*p - 404 = 0. List the prime factors of f.
2
Let n = -58 - -198. Let y be 9184/n + 2/5. Suppose -4*l - y - 64 = -2*p, 4*p - 4*l - 268 = 0. What are the prime factors of p?
3, 23
Let j be (-2 + 2)*(1 + -2). Let l = 26 + 74. Let o = j + l. What are the prime factors of o?
2, 5
Let k(t) = 225*t - 284. Let f(a) = -a**2 - 11*a - 18. Let y be f(-8). What are the prime factors of k(y)?
2, 13, 41
Suppose 38 = 2*t - 20. Suppose 9*h - 5*h = -24. Let l = h + t. What are the prime factors of l?
23
Suppose 0 = -f + 17*f + 3313 - 38689. List the prime factors of f.
3, 11, 67
Suppose 4*p + 821 = 4*i - 895, 2*i = -4*p + 876. Let t = 6 + -2. Suppose t*u - u = i. What are the prime factors of u?
2, 3
Suppose 0 = 56*h - 67*h - 11. List the prime factors of 171 + (0/8 - (3 + h)).
13
Let u = 58387 + -10205. List the prime factors of u.
2, 24091
Let c(d) = -5*d + 12*d**2 + 1 - 5*d**3 + 4*d**3 - 23*d + 8*d. Suppose p - 7*r + 3*r - 12 = 0, 4*p + 5*r = 27. What are the prime